 z(w) = -w**3 - 12*w**2 + 16*w + 40. Let q be z(-13). Let r be 29 - (q + (0 - 2)). Calculate the greatest common divisor of 80 and r.
10
Let y be (0 - 22052/(-26)) + (-8)/52. Suppose -2*s = -3*b - 840, 6*s - 8*s = b - y. Calculate the greatest common factor of s and 47.
47
Let i = -115 + 119. Let t be (3 - -33*(-1)/12)*i. Let h be (-2)/(-4)*56/4. Calculate the greatest common factor of t and h.
1
Let z(r) = -4*r - 105. Let o be z(-25). Let y be 4 + 861*-5*o/75. Calculate the greatest common divisor of 194 and y.
97
Suppose 3*q - 5*q - 5*g = -168, 2*q - 152 = -3*g. What is the greatest common divisor of q and 5728?
32
Let l = -674 - -207. Let v = 1358 + l. Calculate the greatest common factor of v and 33.
33
Let h be ((-4)/(-18))/1 + 18034/1143. Suppose 176 = 7*f - 5*f. Calculate the highest common factor of f and h.
8
Suppose 2*y + 83*c - 148 = 81*c, 5*y = -c + 374. Calculate the highest common divisor of 175 and y.
25
Let a = 4241 + -4235. Calculate the greatest common divisor of 4398 and a.
6
Let k(a) = -a**3 + 34*a**2 - 68*a - 922. Let p be k(27). Calculate the highest common factor of 35 and p.
35
Let n(w) = -2*w**2 - 205*w + 1541. Let h be n(7). Calculate the greatest common factor of h and 8984.
8
Suppose -8*j = 5*d - 267, j = 216*d - 214*d + 36. Calculate the greatest common divisor of j and 3264.
34
Let l be ((-40)/(-1))/(-2 - -3). Suppose 10*h + c - 681 = 315, 5*h = 5*c + 520. What is the greatest common divisor of h and l?
20
Suppose 1053 = 222*z - 219*z. Calculate the highest common factor of 459 and z.
27
Let r be (-9*171/(-135) - 8)*5. Calculate the greatest common factor of 2108 and r.
17
Suppose 14*r - 139 = -12*r + 43. Let w = -160 + 272. What is the greatest common factor of r and w?
7
Let n be -5*(-5 + 0) + (1 - -2). Let j(v) = 22*v**2 - 5 + 26*v**2 - 45*v**2. Let a be j(5). What is the highest common factor of a and n?
14
Let u = 1094 + -1069. Suppose 0 = -3*r + 12, -2*r - 3*r + 40 = 2*i. What is the highest common factor of i and u?
5
Suppose -l - x + 126 - 90 = 0, 3*x - 162 = -5*l. What is the highest common factor of l and 33?
3
Let l be 570/8 + (-30)/72*144/(-80). What is the greatest common factor of l and 424?
8
Let d(a) = -6*a - 45. Let z be (-32)/320 - (-158)/(-20). Let x be d(z). Calculate the greatest common divisor of 2 and x.
1
Let j = -109 - -109. Suppose -4*k - 5*u = -0*k - 18, j = -3*k - 3*u + 12. Let v be k/(-3)*4080/(-32). Calculate the greatest common factor of v and 17.
17
Let l(g) = -477*g - 4006. Let v be l(-9). What is the highest common factor of v and 24682?
287
Suppose 0 = -15*n + 96 + 9. Suppose -g + 14 = -2*u, g + 3*u = n*u + 6. Calculate the highest common factor of 374 and g.
22
Suppose -94*g + 295 - 80 = -7305. What is the greatest common factor of 5490 and g?
10
Let n(t) = t**3 + 55*t**2 + 19*t + 438. Let k be n(-54). Calculate the greatest common factor of k and 120.
24
Let p(v) = v**2 + 9 + 0 + 33 + 10*v + 5*v. Let x be p(-16). Calculate the greatest common factor of x and 2.
2
Let x = -2053 + 5595. What is the highest common divisor of x and 1078?
154
Suppose -6 = 28*s - 62. Suppose s*h - p = 67 + 32, 0 = -3*p - 9. What is the highest common divisor of 120 and h?
24
Let l(q) = -q**2 + 12*q + 716. Let u be l(32). What is the greatest common factor of u and 3477?
19
Suppose -8*u + 2545 = -2220 - 539. What is the greatest common factor of u and 306?
51
Suppose 0 = -3*d + p + 362, 8*p + 238 = 2*d + 9*p. What is the greatest common factor of 915 and d?
15
Suppose 40 = 5*a + c, -2*c = 5*a - 0*a - 40. Suppose 0 = l - 1, h + 4*l = 8. Calculate the highest common divisor of a and h.
4
Suppose 543 = -5*y + 2*r + 119, 428 = -5*y + 4*r. Let u = y - -149. Calculate the greatest common divisor of 39 and u.
13
Suppose -3*q - 2*s = 2*s - 45, -2*s - 60 = -4*q. Let c be (81/q + -3)/2*-20. Let w be (38/(-6))/(4/c). What is the highest common factor of w and 19?
19
Let j(p) = -37*p + 74. Let r be j(-5). Suppose 2*u - 16 = 5*f + 9, -2*u + 3*f + 31 = 0. Let n = u - -17. What is the greatest common divisor of n and r?
37
Suppose -24*s = -19*s - 120. Let x be (-176)/6 - 16/s. Let c be 52/5 - -3*4/x. Calculate the greatest common divisor of 35 and c.
5
Let c = 21 + -19. Suppose -c*w + 41 = 3*p, 3*p - w = -0*w + 29. Let s be (-849)/(-7) + (-14)/49. Calculate the greatest common factor of p and s.
11
Suppose 5*c = 3*c - 6, 5*t - c = 628. What is the highest common factor of 65 and t?
5
Let g be (-3)/(-18)*-6*(2 + 1). Let k be (g + 7)*(0 + 4). Calculate the greatest common factor of k and 112.
16
Suppose 2*a - 13 = 3*a. Let s = -11 - a. What is the greatest common factor of 2 and s?
2
Let r = 29416 + -29414. Calculate the highest common divisor of 578 and r.
2
Suppose 0*n + n - 3*z - 24 = 0, -68 = -2*n + z. Let k be (-4 - -2) + 14/1. Suppose 2*o - o = k. What is the greatest common factor of n and o?
12
Let x(w) = -16*w**3 - 156*w**2 + 32*w + 60. Let v be x(-10). Calculate the greatest common factor of v and 33740.
140
Let w be 4/(-14)*336/(-32). Suppose -52 = -w*z - 10. What is the greatest common divisor of 21 and z?
7
Let n = 245 - 253. Let b be 5 + -8 - n/2. What is the greatest common divisor of 4 and b?
1
Let g(l) = l**2 - 17*l + 44. Let f be g(13). Let u be 8822/88 + 2/f. What is the greatest common divisor of 8 and u?
4
Let z = 9537 + -9289. Calculate the highest common factor of z and 4.
4
Let d = -33072 - -34094. Calculate the highest common factor of d and 406.
14
Let z be (10 + -15)*2/(-5). Suppose 3*o - 2*p = 55, -z*o + 0*p = -4*p - 26. Calculate the highest common factor of o and 168.
21
Let z(s) = -s**3 - 8*s**2 - 4*s + 2. Let b be z(-8). Suppose -42*t = 41*t - 11288. What is the highest common factor of t and b?
34
Let r be (-4)/(-8) - 679637/(-158). Calculate the greatest common factor of 54 and r.
18
Let i(l) = -l**3 + 10*l**2 - 11*l - 5. Let s be i(8). Suppose -2*j - 32 = -2*u, 3*u - 35 = j + 11. Calculate the highest common factor of u and s.
5
Let s = -295 - -497. Suppose 52 = -s*i + 206*i. What is the highest common divisor of i and 26?
13
Let s be (28/(-56))/((-4)/5184). Calculate the greatest common divisor of s and 32.
8
Suppose 2*q = -2*k, -5*k + 6 = -3*k - q. Suppose 0 = k*s + 2, -7*i + 4*s + 40 = -3*i. What is the highest common factor of 243 and i?
9
Let k(o) = -61*o + 1703. Let a be k(26). What is the greatest common factor of a and 135?
9
Suppose 24*j = -74*j + 8*j + 86760. Calculate the highest common divisor of j and 4.
4
Suppose 34 = 6*s + 544. Let a be 4 - -3 - (6 + s). Calculate the greatest common divisor of 43 and a.
43
Suppose 4*l - 62 = -2*v, 9 = 4*l - 3*v - 38. Calculate the highest common divisor of l and 399.
7
Suppose -m + 573 = 2*x, 2228*m = 4*x + 2229*m - 1145. Suppose z = -4*f + 46, -z - 3*f + 0*f = -41. Calculate the highest common divisor of z and x.
26
Let b = 13 - 7. Let t(f) = -6*f + 28. Let n be t(b). Let h be (2 - 0 - n)/((-6)/(-12)). Calculate the highest common divisor of h and 4.
4
Suppose 0 = -172*l + 7587 + 32145. Calculate the highest common factor of 168 and l.
21
Let q(r) = 17*r - 2. Let b be q(-1). Let j(c) = -8*c - 7. Let o be j(b). Calculate the greatest common divisor of 5 and o.
5
Let j(i) = -i**3 + 9*i**2 - 17*i - 12. Let x be j(5). What is the greatest common factor of x and 411?
3
Let y(m) = -2*m**2 + 38*m + 28. Let b be y(19). Let i be (7/b)/(0 + 2/8). Let w be (4/(-6))/((-2)/3). Calculate the highest common divisor of w and i.
1
Suppose 18*m - 24107 = -22865. Suppose -5*x + 1237 = 2*g, x - 422 = -g + 198. Calculate the greatest common factor of g and m.
69
Suppose 521*v = 560*v - 243048. Calculate the greatest common factor of v and 984.
328
Suppose -r - 7*k = -33 - 47, -k = 3*r - 240. Calculate the highest common factor of 10 and r.
10
Let p(g) = -7*g + 26. Let b be (0 - 3) + -2*2. Let j be p(b). Let w = 87 - j. Calculate the highest common divisor of 12 and w.
12
Let t = -3222 - -3235. What is the greatest common divisor of t and 1131?
13
Suppose 2*m - 31 = -h - 34, 43 = 4*m - 5*h. What is the highest common divisor of 326 and m?
2
Let l = -196 - -327. Let n = -91 + l. Suppose -o - n = -2*f + 3*o, 0 = -3*o - 9. Calculate the greatest common factor of f and 42.
14
Let y(c) = -1233*c + 142. Let w be y(-1). Calculate the greatest common factor 